{"id":612,"date":"2024-10-23T11:59:53","date_gmt":"2024-10-23T11:59:53","guid":{"rendered":"https:\/\/xenodochial-elbakyan.188-95-114-6.plesk.page\/?page_id=612"},"modified":"2025-08-12T07:38:21","modified_gmt":"2025-08-12T07:38:21","slug":"nosotros","status":"publish","type":"page","link":"https:\/\/www.cleverit.es\/odoo\/nosotros\/","title":{"rendered":"Sobre nosotros"},"content":{"rendered":"<p>[et_pb_section fb_built=\u00bb1&#8243; _builder_version=\u00bb4.27.2&#8243; _module_preset=\u00bbdefault\u00bb background_color=\u00bb#FFFFFF\u00bb custom_padding=\u00bb13px||30px|||\u00bb global_colors_info=\u00bb{}\u00bb][et_pb_row _builder_version=\u00bb4.26.0&#8243; _module_preset=\u00bbdefault\u00bb custom_margin=\u00bb20px|auto||auto||\u00bb custom_padding=\u00bb17px||13px|||\u00bb global_colors_info=\u00bb{}\u00bb][et_pb_column type=\u00bb4_4&#8243; _builder_version=\u00bb4.26.0&#8243; _module_preset=\u00bbdefault\u00bb global_colors_info=\u00bb{}\u00bb][et_pb_text _builder_version=\u00bb4.27.2&#8243; _module_preset=\u00bb_initial\u00bb text_font=\u00bb||||||||\u00bb text_text_color=\u00bb#FFFFFF\u00bb text_font_size=\u00bb74px\u00bb text_line_height=\u00bb1.8em\u00bb header_font=\u00bbCaveat||||||||\u00bb header_text_color=\u00bb#111827&#8243; header_font_size=\u00bb74px\u00bb text_font_size_tablet=\u00bb16px\u00bb text_font_size_phone=\u00bb16px\u00bb text_font_size_last_edited=\u00bbon|phone\u00bb global_colors_info=\u00bb{}\u00bb]<\/p>\n<h1 style=\"text-align: center;\">En CLEVERIT ayudamos a las empresas a crecer con tecnolog\u00eda real<\/h1>\n<p>[\/et_pb_text][\/et_pb_column][\/et_pb_row][et_pb_row _builder_version=\u00bb4.27.2&#8243; _module_preset=\u00bbdefault\u00bb global_colors_info=\u00bb{}\u00bb][et_pb_column type=\u00bb4_4&#8243; _builder_version=\u00bb4.27.2&#8243; _module_preset=\u00bbdefault\u00bb global_colors_info=\u00bb{}\u00bb][et_pb_text _builder_version=\u00bb4.27.2&#8243; _module_preset=\u00bb_initial\u00bb text_text_color=\u00bb#111827&#8243; text_font_size=\u00bb16px\u00bb text_line_height=\u00bb1.8em\u00bb header_text_color=\u00bb#111827&#8243; text_font_size_tablet=\u00bb16px\u00bb text_font_size_phone=\u00bb16px\u00bb text_font_size_last_edited=\u00bbon|phone\u00bb locked=\u00bboff\u00bb global_colors_info=\u00bb{}\u00bb]<\/p>\n<p style=\"text-align: center;\">En <strong>CLEVERIT<\/strong> somos una compa\u00f1\u00eda especializada en consultor\u00eda tecnol\u00f3gica y digitalizaci\u00f3n de procesos empresariales, con una amplia trayectoria acompa\u00f1ando a empresas de todos los sectores en su evoluci\u00f3n hacia la eficiencia, la escalabilidad y la competitividad.<\/p>\n<p style=\"text-align: center;\">Estamos convencidos de que un <strong>ERP<\/strong> no es solo una herramienta: es el motor que transforma una organizaci\u00f3n. Por eso, nos hemos convertido en especialistas en la <strong>implantaci\u00f3n, personalizaci\u00f3n y soporte de Odoo ERP<\/strong>, una plataforma que permite gestionar todas las \u00e1reas del negocio desde un \u00fanico sistema integrado, intuitivo y escalable.<\/p>\n<p>[\/et_pb_text][\/et_pb_column][\/et_pb_row][et_pb_row column_structure=\u00bb1_2,1_2&#8243; _builder_version=\u00bb4.27.2&#8243; _module_preset=\u00bbdefault\u00bb global_colors_info=\u00bb{}\u00bb][et_pb_column type=\u00bb1_2&#8243; _builder_version=\u00bb4.27.2&#8243; _module_preset=\u00bbdefault\u00bb global_colors_info=\u00bb{}\u00bb][et_pb_text _builder_version=\u00bb4.27.2&#8243; _module_preset=\u00bbdefault\u00bb header_2_font=\u00bb|700|||||||\u00bb header_2_text_color=\u00bb#111827&#8243; header_2_font_size=\u00bb30px\u00bb header_2_line_height=\u00bb1.1em\u00bb text_orientation=\u00bbcenter\u00bb header_2_font_size_tablet=\u00bb60px\u00bb header_2_font_size_phone=\u00bb60px\u00bb header_2_font_size_last_edited=\u00bbon|phone\u00bb global_colors_info=\u00bb{}\u00bb]<\/p>\n<h2 style=\"text-align: left;\">Especialistas en Odoo ERP<\/h2>\n<p>[\/et_pb_text][et_pb_text _builder_version=\u00bb4.27.2&#8243; _module_preset=\u00bb_initial\u00bb text_text_color=\u00bb#111827&#8243; text_font_size=\u00bb16px\u00bb text_line_height=\u00bb1.8em\u00bb text_font_size_tablet=\u00bb16px\u00bb text_font_size_phone=\u00bb16px\u00bb text_font_size_last_edited=\u00bbon|phone\u00bb locked=\u00bboff\u00bb global_colors_info=\u00bb{}\u00bb]<\/p>\n<p>Ayudamos a nuestros clientes a entender, redise\u00f1ar y optimizar sus procesos de negocio con<strong> soluciones Odoo<\/strong> adaptadas a su realidad. Nuestro enfoque va mucho m\u00e1s all\u00e1 de instalar un software: trabajamos codo a codo con cada empresa para definir flujos de trabajo eficientes, automatizar tareas clave y conectar equipos, departamentos y datos en tiempo real.<\/p>\n<p>Contamos con un equipo multidisciplinar de consultores funcionales, analistas de negocio, desarrolladores e ingenieros, con amplia <strong>experiencia en proyectos de implantaci\u00f3n de Odoo<\/strong> en empresas industriales, comerciales, log\u00edsticas, tecnol\u00f3gicas, educativas y de servicios.<\/p>\n<p>Adem\u00e1s de ser<strong> expertos certificados en Odoo<\/strong>, tambi\u00e9n ofrecemos servicios de migraci\u00f3n, soporte, mantenimiento, formaci\u00f3n y desarrollo a medida, siempre con la mirada puesta en la mejora continua y el crecimiento sostenible.<\/p>\n<p>[\/et_pb_text][\/et_pb_column][et_pb_column type=\u00bb1_2&#8243; _builder_version=\u00bb4.27.2&#8243; _module_preset=\u00bbdefault\u00bb global_colors_info=\u00bb{}\u00bb][et_pb_image src=\u00bbhttps:\/\/www.cleverit.es\/odoo\/wp-content\/uploads\/2025\/05\/99b51329-32d6-42b2-aa9b-cdd392f43d26.png\u00bb title_text=\u00bb99b51329-32d6-42b2-aa9b-cdd392f43d26&#8243; _builder_version=\u00bb4.27.2&#8243; _module_preset=\u00bbdefault\u00bb custom_padding=\u00bb100px|||||\u00bb border_radii=\u00bbon|10px|10px|10px|10px\u00bb global_colors_info=\u00bb{}\u00bb][\/et_pb_image][\/et_pb_column][\/et_pb_row][et_pb_row column_structure=\u00bb1_2,1_2&#8243; _builder_version=\u00bb4.27.2&#8243; _module_preset=\u00bbdefault\u00bb global_colors_info=\u00bb{}\u00bb][et_pb_column type=\u00bb1_2&#8243; _builder_version=\u00bb4.27.2&#8243; _module_preset=\u00bbdefault\u00bb global_colors_info=\u00bb{}\u00bb][et_pb_text _builder_version=\u00bb4.27.2&#8243; _module_preset=\u00bbdefault\u00bb header_2_font=\u00bb|700|||||||\u00bb header_2_text_color=\u00bb#111827&#8243; header_2_font_size=\u00bb30px\u00bb header_2_line_height=\u00bb1.1em\u00bb header_3_font=\u00bb|700|||||||\u00bb header_3_text_align=\u00bbleft\u00bb header_3_text_color=\u00bb#111827&#8243; header_3_font_size=\u00bb30px\u00bb header_3_line_height=\u00bb1.1em\u00bb text_orientation=\u00bbcenter\u00bb header_2_font_size_tablet=\u00bb60px\u00bb header_2_font_size_phone=\u00bb60px\u00bb header_2_font_size_last_edited=\u00bbon|phone\u00bb global_colors_info=\u00bb{}\u00bb]<\/p>\n<h3 style=\"text-align: left;\">Compromiso, cercan\u00eda y visi\u00f3n estrat\u00e9gica<\/h3>\n<p>[\/et_pb_text][et_pb_text _builder_version=\u00bb4.27.2&#8243; _module_preset=\u00bb_initial\u00bb text_text_color=\u00bb#111827&#8243; text_font_size=\u00bb16px\u00bb text_line_height=\u00bb1.8em\u00bb text_font_size_tablet=\u00bb16px\u00bb text_font_size_phone=\u00bb16px\u00bb text_font_size_last_edited=\u00bbon|phone\u00bb locked=\u00bboff\u00bb global_colors_info=\u00bb{}\u00bb]<\/p>\n<p>En <strong>CLEVERIT<\/strong> creemos en la tecnolog\u00eda como una herramienta para facilitar decisiones y mejorar resultados. Nuestra vocaci\u00f3n es acompa\u00f1ar a nuestros clientes a largo plazo, entendiendo sus objetivos, sus retos y sus particularidades para que cada soluci\u00f3n que implantamos sea \u00fatil, usable y rentable desde el primer d\u00eda.<\/p>\n<p>Nos diferenciamos por nuestro trato cercano, nuestra implicaci\u00f3n en cada proyecto y nuestra capacidad para traducir la tecnolog\u00eda en soluciones pr\u00e1cticas que impactan directamente en la productividad y la rentabilidad.<\/p>\n<p>[\/et_pb_text][\/et_pb_column][et_pb_column type=\u00bb1_2&#8243; _builder_version=\u00bb4.27.2&#8243; _module_preset=\u00bbdefault\u00bb global_colors_info=\u00bb{}\u00bb][et_pb_text _builder_version=\u00bb4.27.2&#8243; _module_preset=\u00bbdefault\u00bb header_2_font=\u00bb|700|||||||\u00bb header_2_text_color=\u00bb#111827&#8243; header_2_font_size=\u00bb30px\u00bb header_2_line_height=\u00bb1.1em\u00bb header_3_font=\u00bb|700|||||||\u00bb header_3_text_align=\u00bbleft\u00bb header_3_text_color=\u00bb#111827&#8243; header_3_font_size=\u00bb30px\u00bb header_3_line_height=\u00bb1.1em\u00bb text_orientation=\u00bbcenter\u00bb header_2_font_size_tablet=\u00bb60px\u00bb header_2_font_size_phone=\u00bb60px\u00bb header_2_font_size_last_edited=\u00bbon|phone\u00bb global_colors_info=\u00bb{}\u00bb]<\/p>\n<h3 style=\"text-align: left;\">Apostamos por la innovaci\u00f3n constante<\/h3>\n<p>[\/et_pb_text][et_pb_text _builder_version=\u00bb4.27.2&#8243; _module_preset=\u00bb_initial\u00bb text_text_color=\u00bb#111827&#8243; text_font_size=\u00bb16px\u00bb text_line_height=\u00bb1.8em\u00bb text_font_size_tablet=\u00bb16px\u00bb text_font_size_phone=\u00bb16px\u00bb text_font_size_last_edited=\u00bbon|phone\u00bb locked=\u00bboff\u00bb global_colors_info=\u00bb{}\u00bb]<\/p>\n<p>La tecnolog\u00eda avanza, y nosotros con ella. Contamos con un <strong>departamento propio de I+D+i,<\/strong> desde donde desarrollamos soluciones avanzadas que complementan e integran Odoo con otras herramientas, incluyendo inteligencia artificial, automatizaci\u00f3n de procesos y an\u00e1lisis avanzado de datos.<\/p>\n<p>Gracias a esta apuesta por la innovaci\u00f3n, ayudamos a nuestros clientes no solo a digitalizar su empresa, sino a prepararla para el futuro.<\/p>\n<p>[\/et_pb_text][\/et_pb_column][\/et_pb_row][et_pb_row _builder_version=\u00bb4.26.0&#8243; _module_preset=\u00bbdefault\u00bb custom_margin=\u00bb31px|auto||auto||\u00bb custom_padding=\u00bb17px||13px|||\u00bb global_colors_info=\u00bb{}\u00bb][et_pb_column type=\u00bb4_4&#8243; _builder_version=\u00bb4.26.0&#8243; _module_preset=\u00bbdefault\u00bb global_colors_info=\u00bb{}\u00bb][et_pb_text _builder_version=\u00bb4.27.2&#8243; _module_preset=\u00bb_initial\u00bb header_2_font=\u00bbCaveat|700|||||||\u00bb header_2_text_align=\u00bbleft\u00bb header_2_text_color=\u00bb#111827&#8243; header_2_font_size=\u00bb56px\u00bb header_2_line_height=\u00bb1.1em\u00bb text_orientation=\u00bbcenter\u00bb header_2_font_size_tablet=\u00bb70px\u00bb header_2_font_size_phone=\u00bb50px\u00bb header_2_font_size_last_edited=\u00bbon|phone\u00bb global_colors_info=\u00bb{}\u00bb]<\/p>\n<h2 style=\"text-align: center;\">Estamos aqu\u00ed para ayudarte a dar el siguiente paso en la digitalizaci\u00f3n de tu negocio. Te escuchamos, te entendemos y te acompa\u00f1amos.<\/h2>\n<p>[\/et_pb_text][\/et_pb_column][\/et_pb_row][\/et_pb_section][et_pb_section fb_built=\u00bb1&#8243; admin_label=\u00bbTestimonials\u00bb _builder_version=\u00bb4.27.2&#8243; _module_preset=\u00bbdefault\u00bb background_color=\u00bb#FFFFFF\u00bb custom_padding=\u00bb27px||45px|||\u00bb global_module=\u00bb232&#8243; saved_tabs=\u00bball\u00bb locked=\u00bboff\u00bb collapsed=\u00bbon\u00bb global_colors_info=\u00bb{}\u00bb][et_pb_row column_structure=\u00bb1_2,1_2&#8243; _builder_version=\u00bb4.27.2&#8243; _module_preset=\u00bbdefault\u00bb background_color=\u00bbgcid-f1f9244b-c8ab-43e1-95c3-c0bdf69ac7b5&#8243; background_enable_image=\u00bboff\u00bb custom_margin=\u00bb38px|auto||auto||\u00bb custom_padding=\u00bb4.6%|6%|4.6%|6%|true|true\u00bb border_radii=\u00bbon|40px|40px|40px|40px\u00bb border_width_all=\u00bb5px\u00bb border_color_all=\u00bb#714b67&#8243; locked=\u00bboff\u00bb global_colors_info=\u00bb{%22gcid-f1f9244b-c8ab-43e1-95c3-c0bdf69ac7b5%22:%91%22background_color%22%93}\u00bb][et_pb_column type=\u00bb1_2&#8243; _builder_version=\u00bb4.19.2&#8243; _module_preset=\u00bbdefault\u00bb global_colors_info=\u00bb{}\u00bb][et_pb_text _builder_version=\u00bb4.27.2&#8243; _module_preset=\u00bb5d6fb868-7475-460d-8df4-ebb5b8e6d4c0&#8243; text_text_color=\u00bb#111827&#8243; text_font_size=\u00bb21px\u00bb header_2_text_align=\u00bbleft\u00bb header_2_text_color=\u00bb#111827&#8243; header_2_font_size=\u00bb52px\u00bb header_2_line_height=\u00bb1.3em\u00bb text_orientation=\u00bbcenter\u00bb custom_margin=\u00bb||10px||false|false\u00bb header_2_font_size_tablet=\u00bb\u00bb header_2_font_size_phone=\u00bb36px\u00bb header_2_font_size_last_edited=\u00bbon|phone\u00bb global_colors_info=\u00bb{}\u00bb]<\/p>\n<h2>\u00bfQuieres conocer c\u00f3mo Odoo puede transformar tu empresa?<\/h2>\n<p>[\/et_pb_text][\/et_pb_column][et_pb_column type=\u00bb1_2&#8243; module_id=\u00bbform\u00bb _builder_version=\u00bb4.27.2&#8243; _module_preset=\u00bbdefault\u00bb global_colors_info=\u00bb{}\u00bb][et_pb_contact_form captcha=\u00bboff\u00bb email=\u00bbleadweb@cleverit.es\u00bb custom_message=\u00bbFormulario Web: ||et_pb_line_break_holder||||et_pb_line_break_holder||Nombre y apellido: %%Name%%||et_pb_line_break_holder||Nombre de la empresa: %%Empresa%%||et_pb_line_break_holder||Email: %%Email%%||et_pb_line_break_holder||Tel\u00e9fono: %%tlf%%||et_pb_line_break_holder||Mensaje: %%Message%%\u00bb submit_button_text=\u00bbSolicita una demo\u00bb _builder_version=\u00bb4.27.2&#8243; _module_preset=\u00bbdefault\u00bb _unique_id=\u00bbc0c59f8e-aad9-4e70-b351-d9a705061c2b\u00bb form_field_background_color=\u00bbrgba(255,255,255,0.9)\u00bb form_field_text_color=\u00bb#000f30&#8243; form_field_font=\u00bbInter||||||||\u00bb form_field_font_size=\u00bb16px\u00bb custom_button=\u00bbon\u00bb button_text_size=\u00bb15px\u00bb button_text_color=\u00bb#FFFFFF\u00bb button_bg_color=\u00bb#714b67&#8243; button_border_width=\u00bb3px\u00bb button_border_color=\u00bb#714b67&#8243; button_border_radius=\u00bb38px\u00bb button_font=\u00bbInter|700||on|||||\u00bb hover_enabled=\u00bb0&#8243; custom_use_redirect=\u00bbon\u00bb custom_redirect_url=\u00bb\/odoo\/gracias-odoo\/\u00bb border_radii=\u00bbon|27px|27px|27px|27px\u00bb global_colors_info=\u00bb{}\u00bb sticky_enabled=\u00bb0&#8243;][et_pb_contact_field field_id=\u00bbName\u00bb field_title=\u00bbNombre y apellido\u00bb fullwidth_field=\u00bbon\u00bb _builder_version=\u00bb4.26.0&#8243; global_colors_info=\u00bb{}\u00bb button_text_size__hover_enabled=\u00bboff\u00bb button_one_text_size__hover_enabled=\u00bboff\u00bb button_two_text_size__hover_enabled=\u00bboff\u00bb button_text_color__hover_enabled=\u00bboff\u00bb button_one_text_color__hover_enabled=\u00bboff\u00bb button_two_text_color__hover_enabled=\u00bboff\u00bb button_border_width__hover_enabled=\u00bboff\u00bb button_one_border_width__hover_enabled=\u00bboff\u00bb button_two_border_width__hover_enabled=\u00bboff\u00bb button_border_color__hover_enabled=\u00bboff\u00bb button_one_border_color__hover_enabled=\u00bboff\u00bb button_two_border_color__hover_enabled=\u00bboff\u00bb button_border_radius__hover_enabled=\u00bboff\u00bb button_one_border_radius__hover_enabled=\u00bboff\u00bb button_two_border_radius__hover_enabled=\u00bboff\u00bb button_letter_spacing__hover_enabled=\u00bboff\u00bb button_one_letter_spacing__hover_enabled=\u00bboff\u00bb button_two_letter_spacing__hover_enabled=\u00bboff\u00bb button_bg_color__hover_enabled=\u00bboff\u00bb button_one_bg_color__hover_enabled=\u00bboff\u00bb button_two_bg_color__hover_enabled=\u00bboff\u00bb][\/et_pb_contact_field][et_pb_contact_field field_id=\u00bbEmpresa\u00bb field_title=\u00bbNombre de la empresa\u00bb fullwidth_field=\u00bbon\u00bb _builder_version=\u00bb4.26.0&#8243; global_colors_info=\u00bb{}\u00bb button_text_size__hover_enabled=\u00bboff\u00bb button_one_text_size__hover_enabled=\u00bboff\u00bb button_two_text_size__hover_enabled=\u00bboff\u00bb button_text_color__hover_enabled=\u00bboff\u00bb button_one_text_color__hover_enabled=\u00bboff\u00bb button_two_text_color__hover_enabled=\u00bboff\u00bb button_border_width__hover_enabled=\u00bboff\u00bb button_one_border_width__hover_enabled=\u00bboff\u00bb button_two_border_width__hover_enabled=\u00bboff\u00bb button_border_color__hover_enabled=\u00bboff\u00bb button_one_border_color__hover_enabled=\u00bboff\u00bb button_two_border_color__hover_enabled=\u00bboff\u00bb button_border_radius__hover_enabled=\u00bboff\u00bb button_one_border_radius__hover_enabled=\u00bboff\u00bb button_two_border_radius__hover_enabled=\u00bboff\u00bb button_letter_spacing__hover_enabled=\u00bboff\u00bb button_one_letter_spacing__hover_enabled=\u00bboff\u00bb button_two_letter_spacing__hover_enabled=\u00bboff\u00bb button_bg_color__hover_enabled=\u00bboff\u00bb button_one_bg_color__hover_enabled=\u00bboff\u00bb button_two_bg_color__hover_enabled=\u00bboff\u00bb][\/et_pb_contact_field][et_pb_contact_field field_id=\u00bbEmail\u00bb field_title=\u00bbEmail\u00bb field_type=\u00bbemail\u00bb _builder_version=\u00bb4.26.0&#8243; global_colors_info=\u00bb{}\u00bb button_text_size__hover_enabled=\u00bboff\u00bb button_one_text_size__hover_enabled=\u00bboff\u00bb button_two_text_size__hover_enabled=\u00bboff\u00bb button_text_color__hover_enabled=\u00bboff\u00bb button_one_text_color__hover_enabled=\u00bboff\u00bb button_two_text_color__hover_enabled=\u00bboff\u00bb button_border_width__hover_enabled=\u00bboff\u00bb button_one_border_width__hover_enabled=\u00bboff\u00bb button_two_border_width__hover_enabled=\u00bboff\u00bb button_border_color__hover_enabled=\u00bboff\u00bb button_one_border_color__hover_enabled=\u00bboff\u00bb button_two_border_color__hover_enabled=\u00bboff\u00bb button_border_radius__hover_enabled=\u00bboff\u00bb button_one_border_radius__hover_enabled=\u00bboff\u00bb button_two_border_radius__hover_enabled=\u00bboff\u00bb button_letter_spacing__hover_enabled=\u00bboff\u00bb button_one_letter_spacing__hover_enabled=\u00bboff\u00bb button_two_letter_spacing__hover_enabled=\u00bboff\u00bb button_bg_color__hover_enabled=\u00bboff\u00bb button_one_bg_color__hover_enabled=\u00bboff\u00bb button_two_bg_color__hover_enabled=\u00bboff\u00bb][\/et_pb_contact_field][et_pb_contact_field field_id=\u00bbtlf\u00bb field_title=\u00bbTel\u00e9fono\u00bb allowed_symbols=\u00bbnumbers\u00bb _builder_version=\u00bb4.26.0&#8243; _module_preset=\u00bbdefault\u00bb global_colors_info=\u00bb{}\u00bb][\/et_pb_contact_field][et_pb_contact_field field_id=\u00bbMessage\u00bb field_title=\u00bbMensaje\u00bb field_type=\u00bbtext\u00bb fullwidth_field=\u00bbon\u00bb _builder_version=\u00bb4.16&#8243; global_colors_info=\u00bb{}\u00bb button_text_size__hover_enabled=\u00bboff\u00bb button_one_text_size__hover_enabled=\u00bboff\u00bb button_two_text_size__hover_enabled=\u00bboff\u00bb button_text_color__hover_enabled=\u00bboff\u00bb button_one_text_color__hover_enabled=\u00bboff\u00bb button_two_text_color__hover_enabled=\u00bboff\u00bb button_border_width__hover_enabled=\u00bboff\u00bb button_one_border_width__hover_enabled=\u00bboff\u00bb button_two_border_width__hover_enabled=\u00bboff\u00bb button_border_color__hover_enabled=\u00bboff\u00bb button_one_border_color__hover_enabled=\u00bboff\u00bb button_two_border_color__hover_enabled=\u00bboff\u00bb button_border_radius__hover_enabled=\u00bboff\u00bb button_one_border_radius__hover_enabled=\u00bboff\u00bb button_two_border_radius__hover_enabled=\u00bboff\u00bb button_letter_spacing__hover_enabled=\u00bboff\u00bb button_one_letter_spacing__hover_enabled=\u00bboff\u00bb button_two_letter_spacing__hover_enabled=\u00bboff\u00bb button_bg_color__hover_enabled=\u00bboff\u00bb button_one_bg_color__hover_enabled=\u00bboff\u00bb button_two_bg_color__hover_enabled=\u00bboff\u00bb][\/et_pb_contact_field][\/et_pb_contact_form][\/et_pb_column][\/et_pb_row][\/et_pb_section]<\/p>\n","protected":false},"excerpt":{"rendered":"<p>En CLEVERIT ayudamos a las empresas a crecer con tecnolog\u00eda realEn CLEVERIT somos una compa\u00f1\u00eda especializada en consultor\u00eda tecnol\u00f3gica y digitalizaci\u00f3n de procesos empresariales, con una amplia trayectoria acompa\u00f1ando a empresas de todos los sectores en su evoluci\u00f3n hacia la eficiencia, la escalabilidad y la competitividad. Estamos convencidos de que un ERP no es solo [&hellip;]<\/p>\n","protected":false},"author":1,"featured_media":0,"parent":0,"menu_order":0,"comment_status":"closed","ping_status":"closed","template":"","meta":{"_et_pb_use_builder":"on","_et_pb_old_content":"","_et_gb_content_width":"","footnotes":""},"class_list":["post-612","page","type-page","status-publish","hentry"],"yoast_head":"<!-- This site is optimized with the Yoast SEO plugin v25.6 - https:\/\/yoast.com\/wordpress\/plugins\/seo\/ -->\n<title>Consultora especializada en Odoo ERP | Cleverit<\/title>\n<meta name=\"description\" content=\"En Cleverit ayudamos a empresas a digitalizarse con Odoo ERP. Expertos en implantaci\u00f3n, soporte y soluciones a medida \u00a1Solicita DEMO gratis!\" \/>\n<meta name=\"robots\" content=\"index, follow, max-snippet:-1, max-image-preview:large, max-video-preview:-1\" \/>\n<link rel=\"canonical\" href=\"https:\/\/www.cleverit.es\/odoo\/nosotros\/\" \/>\n<meta property=\"og:locale\" content=\"es_ES\" \/>\n<meta property=\"og:type\" content=\"article\" \/>\n<meta property=\"og:title\" content=\"Consultora especializada en Odoo ERP | Cleverit\" \/>\n<meta property=\"og:description\" content=\"En Cleverit ayudamos a empresas a digitalizarse con Odoo ERP. Expertos en implantaci\u00f3n, soporte y soluciones a medida \u00a1Solicita DEMO gratis!\" \/>\n<meta property=\"og:url\" content=\"https:\/\/www.cleverit.es\/odoo\/nosotros\/\" \/>\n<meta property=\"og:site_name\" content=\"Cleverit\" \/>\n<meta property=\"article:modified_time\" content=\"2025-08-12T07:38:21+00:00\" \/>\n<meta name=\"twitter:card\" content=\"summary_large_image\" \/>\n<meta name=\"twitter:label1\" content=\"Tiempo de lectura\" \/>\n\t<meta name=\"twitter:data1\" content=\"3 minutos\" \/>\n<script type=\"application\/ld+json\" class=\"yoast-schema-graph\">{\"@context\":\"https:\/\/schema.org\",\"@graph\":[{\"@type\":\"WebPage\",\"@id\":\"https:\/\/www.cleverit.es\/odoo\/nosotros\/\",\"url\":\"https:\/\/www.cleverit.es\/odoo\/nosotros\/\",\"name\":\"Consultora especializada en Odoo ERP | Cleverit\",\"isPartOf\":{\"@id\":\"https:\/\/www.cleverit.es\/odoo\/#website\"},\"datePublished\":\"2024-10-23T11:59:53+00:00\",\"dateModified\":\"2025-08-12T07:38:21+00:00\",\"description\":\"En Cleverit ayudamos a empresas a digitalizarse con Odoo ERP. Expertos en implantaci\u00f3n, soporte y soluciones a medida \u00a1Solicita DEMO gratis!\",\"breadcrumb\":{\"@id\":\"https:\/\/www.cleverit.es\/odoo\/nosotros\/#breadcrumb\"},\"inLanguage\":\"es\",\"potentialAction\":[{\"@type\":\"ReadAction\",\"target\":[\"https:\/\/www.cleverit.es\/odoo\/nosotros\/\"]}]},{\"@type\":\"BreadcrumbList\",\"@id\":\"https:\/\/www.cleverit.es\/odoo\/nosotros\/#breadcrumb\",\"itemListElement\":[{\"@type\":\"ListItem\",\"position\":1,\"name\":\"Portada\",\"item\":\"https:\/\/www.cleverit.es\/odoo\/\"},{\"@type\":\"ListItem\",\"position\":2,\"name\":\"Sobre nosotros\"}]},{\"@type\":\"WebSite\",\"@id\":\"https:\/\/www.cleverit.es\/odoo\/#website\",\"url\":\"https:\/\/www.cleverit.es\/odoo\/\",\"name\":\"Cleverit\",\"description\":\"\",\"potentialAction\":[{\"@type\":\"SearchAction\",\"target\":{\"@type\":\"EntryPoint\",\"urlTemplate\":\"https:\/\/www.cleverit.es\/odoo\/?s={search_term_string}\"},\"query-input\":{\"@type\":\"PropertyValueSpecification\",\"valueRequired\":true,\"valueName\":\"search_term_string\"}}],\"inLanguage\":\"es\"}]}<\/script>\n<!-- \/ Yoast SEO plugin. -->","yoast_head_json":{"title":"Consultora especializada en Odoo ERP | Cleverit","description":"En Cleverit ayudamos a empresas a digitalizarse con Odoo ERP. Expertos en implantaci\u00f3n, soporte y soluciones a medida \u00a1Solicita DEMO gratis!","robots":{"index":"index","follow":"follow","max-snippet":"max-snippet:-1","max-image-preview":"max-image-preview:large","max-video-preview":"max-video-preview:-1"},"canonical":"https:\/\/www.cleverit.es\/odoo\/nosotros\/","og_locale":"es_ES","og_type":"article","og_title":"Consultora especializada en Odoo ERP | Cleverit","og_description":"En Cleverit ayudamos a empresas a digitalizarse con Odoo ERP. Expertos en implantaci\u00f3n, soporte y soluciones a medida \u00a1Solicita DEMO gratis!","og_url":"https:\/\/www.cleverit.es\/odoo\/nosotros\/","og_site_name":"Cleverit","article_modified_time":"2025-08-12T07:38:21+00:00","twitter_card":"summary_large_image","twitter_misc":{"Tiempo de lectura":"3 minutos"},"schema":{"@context":"https:\/\/schema.org","@graph":[{"@type":"WebPage","@id":"https:\/\/www.cleverit.es\/odoo\/nosotros\/","url":"https:\/\/www.cleverit.es\/odoo\/nosotros\/","name":"Consultora especializada en Odoo ERP | Cleverit","isPartOf":{"@id":"https:\/\/www.cleverit.es\/odoo\/#website"},"datePublished":"2024-10-23T11:59:53+00:00","dateModified":"2025-08-12T07:38:21+00:00","description":"En Cleverit ayudamos a empresas a digitalizarse con Odoo ERP. Expertos en implantaci\u00f3n, soporte y soluciones a medida \u00a1Solicita DEMO gratis!","breadcrumb":{"@id":"https:\/\/www.cleverit.es\/odoo\/nosotros\/#breadcrumb"},"inLanguage":"es","potentialAction":[{"@type":"ReadAction","target":["https:\/\/www.cleverit.es\/odoo\/nosotros\/"]}]},{"@type":"BreadcrumbList","@id":"https:\/\/www.cleverit.es\/odoo\/nosotros\/#breadcrumb","itemListElement":[{"@type":"ListItem","position":1,"name":"Portada","item":"https:\/\/www.cleverit.es\/odoo\/"},{"@type":"ListItem","position":2,"name":"Sobre nosotros"}]},{"@type":"WebSite","@id":"https:\/\/www.cleverit.es\/odoo\/#website","url":"https:\/\/www.cleverit.es\/odoo\/","name":"Cleverit","description":"","potentialAction":[{"@type":"SearchAction","target":{"@type":"EntryPoint","urlTemplate":"https:\/\/www.cleverit.es\/odoo\/?s={search_term_string}"},"query-input":{"@type":"PropertyValueSpecification","valueRequired":true,"valueName":"search_term_string"}}],"inLanguage":"es"}]}},"_links":{"self":[{"href":"https:\/\/www.cleverit.es\/odoo\/wp-json\/wp\/v2\/pages\/612"}],"collection":[{"href":"https:\/\/www.cleverit.es\/odoo\/wp-json\/wp\/v2\/pages"}],"about":[{"href":"https:\/\/www.cleverit.es\/odoo\/wp-json\/wp\/v2\/types\/page"}],"author":[{"embeddable":true,"href":"https:\/\/www.cleverit.es\/odoo\/wp-json\/wp\/v2\/users\/1"}],"replies":[{"embeddable":true,"href":"https:\/\/www.cleverit.es\/odoo\/wp-json\/wp\/v2\/comments?post=612"}],"version-history":[{"count":18,"href":"https:\/\/www.cleverit.es\/odoo\/wp-json\/wp\/v2\/pages\/612\/revisions"}],"predecessor-version":[{"id":1564,"href":"https:\/\/www.cleverit.es\/odoo\/wp-json\/wp\/v2\/pages\/612\/revisions\/1564"}],"wp:attachment":[{"href":"https:\/\/www.cleverit.es\/odoo\/wp-json\/wp\/v2\/media?parent=612"}],"curies":[{"name":"wp","href":"https:\/\/api.w.org\/{rel}","templated":true}]}}